{"id":11,"date":"2021-06-30T15:00:59","date_gmt":"2021-06-30T18:00:59","guid":{"rendered":"http:\/\/fala.host\/?page_id=11"},"modified":"2021-07-01T20:48:45","modified_gmt":"2021-07-01T23:48:45","slug":"sobre","status":"publish","type":"page","link":"https:\/\/fala.host\/index.php\/sobre\/","title":{"rendered":"Sobre o Fala Host"},"content":{"rendered":"\n<p class=\"has-medium-font-size\">Criado por um cidad\u00e3o comum, com ideais conservador, defensor de premissas como defesa \u00e0 fam\u00edlia, aos bons costumes, direito \u00e0 liberdade, \u00e0 vida, a auto defesa, respeito irrestrito ao artigo quinto da constitui\u00e7\u00e3o federal, este \u00e9 um site criado para disponibilizar ferramentas democr\u00e1ticas e auxiliar a popula\u00e7\u00e3o no papel de cobrar seus representantes pol\u00edticos como vereadores, prefeitos, deputados, governadores, presidente, etc. Ferramentas como peti\u00e7\u00f5es online, abaixo-assinados, enquetes, quem votou em quem, quiz, etc, ser\u00e3o criadas e disponibilizadas nessa plataforma com o intuito de ajudar.<\/p>\n","protected":false},"excerpt":{"rendered":"<p>Criado por um cidad\u00e3o comum, com ideais conservador, defensor de premissas como defesa \u00e0 fam\u00edlia,&#8230;<\/p>\n","protected":false},"author":1,"featured_media":0,"parent":0,"menu_order":0,"comment_status":"closed","ping_status":"closed","template":"","meta":{"om_disable_all_campaigns":false,"_monsterinsights_skip_tracking":false,"_monsterinsights_sitenote_active":false,"_monsterinsights_sitenote_note":"","_monsterinsights_sitenote_category":0,"footnotes":""},"aioseo_notices":[],"_links":{"self":[{"href":"https:\/\/fala.host\/index.php\/wp-json\/wp\/v2\/pages\/11"}],"collection":[{"href":"https:\/\/fala.host\/index.php\/wp-json\/wp\/v2\/pages"}],"about":[{"href":"https:\/\/fala.host\/index.php\/wp-json\/wp\/v2\/types\/page"}],"author":[{"embeddable":true,"href":"https:\/\/fala.host\/index.php\/wp-json\/wp\/v2\/users\/1"}],"replies":[{"embeddable":true,"href":"https:\/\/fala.host\/index.php\/wp-json\/wp\/v2\/comments?post=11"}],"version-history":[{"count":3,"href":"https:\/\/fala.host\/index.php\/wp-json\/wp\/v2\/pages\/11\/revisions"}],"predecessor-version":[{"id":41,"href":"https:\/\/fala.host\/index.php\/wp-json\/wp\/v2\/pages\/11\/revisions\/41"}],"wp:attachment":[{"href":"https:\/\/fala.host\/index.php\/wp-json\/wp\/v2\/media?parent=11"}],"curies":[{"name":"wp","href":"https:\/\/api.w.org\/{rel}","templated":true}]}}